?
2, 3
What are the prime factors of 13465?
5, 2693
What are the prime factors of 21831?
3, 19, 383
What are the prime factors of 284?
2, 71
List the prime factors of 21032.
2, 11, 239
List the prime factors of 86186.
2, 43093
List the prime factors of 3394.
2, 1697
List the prime factors of 4640.
2, 5, 29
What are the prime factors of 2526?
2, 3, 421
List the prime factors of 9080.
2, 5, 227
List the prime factors of 345.
3, 5, 23
What are the prime factors of 28487?
61, 467
List the prime factors of 2018.
2, 1009
List the prime factors of 26912.
2, 29
List the prime factors of 3439.
19, 181
List the prime factors of 8668.
2, 11, 197
What are the prime factors of 20487?
3, 6829
What are the prime factors of 3555?
3, 5, 79
What are the prime factors of 1215?
3, 5
What are the prime factors of 6205?
5, 17, 73
List the prime factors of 42152.
2, 11, 479
What are the prime factors of 25950?
2, 3, 5, 173
What are the prime factors of 1658?
2, 829
What are the prime factors of 32897?
67, 491
List the prime factors of 10260.
2, 3, 5, 19
List the prime factors of 3912.
2, 3, 163
What are the prime factors of 15614?
2, 37, 211
List the prime factors of 114294.
2, 3, 43, 443
List the prime factors of 140.
2, 5, 7
What are the prime factors of 1484?
2, 7, 53
What are the prime factors of 204?
2, 3, 17
List the prime factors of 21325.
5, 853
List the prime factors of 307.
307
List the prime factors of 51.
3, 17
List the prime factors of 112320.
2, 3, 5, 13
List the prime factors of 2064.
2, 3, 43
What are the prime factors of 1925?
5, 7, 11
List the prime factors of 621.
3, 23
List the prime factors of 13938.
2, 3, 23, 101
What are the prime factors of 2516?
2, 17, 37
What are the prime factors of 9366?
2, 3, 7, 223
What are the prime factors of 2742?
2, 3, 457
What are the prime factors of 11703?
3, 47, 83
List the prime factors of 753.
3, 251
List the prime factors of 3460.
2, 5, 173
What are the prime factors of 920?
2, 5, 23
What are the prime factors of 38903?
38903
What are the prime factors of 1945?
5, 389
List the prime factors of 44429.
7, 11, 577
List the prime factors of 3290.
2, 5, 7, 47
List the prime factors of 94057.
94057
List the prime factors of 14139.
3, 1571
What are the prime factors of 2584?
2, 17, 19
What are the prime factors of 36636?
2, 3, 43, 71
What are the prime factors of 6548?
2, 1637
List the prime factors of 5624.
2, 19, 37
What are the prime factors of 121909?
121909
What are the prime factors of 3080?
2, 5, 7, 11
What are the prime factors of 80?
2, 5
What are the prime factors of 8702?
2, 19, 229
List the prime factors of 648.
2, 3
List the prime factors of 185560.
2, 5, 4639
What are the prime factors of 1061?
1061
List the prime factors of 54666.
2, 3, 3037
What are the prime factors of 1551?
3, 11, 47
List the prime factors of 9114.
2, 3, 7, 31
List the prime factors of 1757.
7, 251
List the prime factors of 16058.
2, 7, 31, 37
What are the prime factors of 708?
2, 3, 59
What are the prime factors of 60086?
2, 13, 2311
What are the prime factors of 281?
281
List the prime factors of 2626.
2, 13, 101
List the prime factors of 48868.
2, 19, 643
List the prime factors of 13392.
2, 3, 31
List the prime factors of 3817.
11, 347
List the prime factors of 27646.
2, 23, 601
List the prime factors of 9082.
2, 19, 239
List the prime factors of 1364.
2, 11, 31
What are the prime factors of 12323?
12323
What are the prime factors of 38799?
3, 479
List the prime factors of 2626.
2, 13, 101
List the prime factors of 19385.
5, 3877
What are the prime factors of 1007?
19, 53
List the prime factors of 17436.
2, 3, 1453
What are the prime factors of 363?
3, 11
What are the prime factors of 5464?
2, 683
List the prime factors of 4313.
19, 227
What are the prime factors of 13957?
17, 821
What are the prime factors of 3402?
2, 3, 7
What are the prime factors of 16385?
5, 29, 113
What are the prime factors of 149944?
2, 18743
What are the prime factors of 8676?
2, 3, 241
List the prime factors of 7007.
7, 11, 13
What are the prime factors of 123640?
2, 5, 11, 281
List the prime factors of 47970.
2, 3, 5, 13, 41
What are the prime factors of 28955?
5, 5791
List the prime factors of 3097.
19, 163
What are the prime factors of 4898?
2, 31, 79
List the prime factors of 1270.
2, 5, 127
List the prime factors of 908.
2, 227
What are the prime factors of 32506?
2, 16253
What are the prime factors of 17827?
17827
List the prime factors of 2057.
11, 17
What are the prime factors of 7691?
7691
What are the prime factors of 12865?
5, 31, 83
List the prime factors of 562.
2, 281
List the prime factors of 136057.
136057
What are the prime factors of 461?
461
What are the prime factors of 63818?
2, 17, 1877
List the prime factors of 8059.
8059
What are the prime factors of 109?
109
What are the prime factors of 9929?
9929
List the prime factors of 5143.
37, 139
List the prime factors of 22158.
2, 3, 1231
What are the prime factors of 947?
947
What are the prime factors of 13720?
2, 5, 7
What are the prime factors of 1592?
2, 199
What are the prime factors of 873?
3, 97
List the prime factors of 3147.
3, 1049
What are the prime factors of 6263?
6263
What are the prime factors of 1645?
5, 7, 47
List the prime factors of 2973.
3, 991
List the prime factors of 3398.
2, 1699
What are the prime factors of 67015?
5, 13, 1031
List the prime factors of 5051.
5051
List the prime factors of 8517.
3, 17, 167
What are the prime factors of 91243?
91243
What are the prime factors of 2254?
2, 7, 23
List the prime factors of 95.
5, 19
List the prime factors of 22255.
5, 4451
List the prime factors of 838.
2, 419
List the prime factors of 414.
2, 3, 23
List the prime factors of 47538.
2, 3, 19, 139
List the prime factors of 1344.
2, 3, 7
What are the prime factors of 22963?
22963
List the prime factors of 165.
3, 5, 11
List the prime factors of 79660.
2, 5, 7, 569
List the prime factors of 107012.
2, 31, 863
List the prime factors of 3179.
11, 17
What are the prime factors of 2648?
2, 331
What are the prime factors of 1299?
3, 433
What are the prime factors of 17866?
2, 8933
List the prime factors of 11350.
2, 5, 227
What are the prime factors of 99935?
5, 11, 23, 79
What are the prime factors of 5?
5
List the prime factors of 389.
389
What are the prime factors of 8718?
2, 3, 1453
List the prime factors of 26213.
11, 2383
What are the prime factors of 104995?
5, 11, 23, 83
List the prime factors of 392.
2, 7
List the prime factors of 35566.
2, 17783
List the prime factors of 12280.
2, 5, 307
List the prime factors of 109104.
2, 3, 2273
What are the prime factors of 3193?
31, 103
List the prime factors of 36316.
2, 7, 1297
What are the prime factors of 810?
2, 3, 5
List the prime factors of 41696.
2, 1303
What are the prime factors of 6931?
29, 239
List the prime factors of 3403.
41, 83
List the prime factors of 1113.
3, 7, 53
List the prime factors of 12493.
13, 31
What are the prime factors of 8707?
8707
List the prime factors of 13130.
2, 5, 13, 101
List the prime factors of 917.
7, 131
What are the prime factors of 9469?
17, 557
What are the prime factors of 2435?
5, 487
What are the prime factors of 2320?
2, 5, 29
List the prime factors of 163.
163
What are the prime factors of 1064?
2, 7, 19
What are the prime factors of 3581?
3581
List the prime factors of 2845.
5, 569
What are the prime factors of 2482?
2, 17, 73
List the prime factors of 35870.
2, 5, 17, 211
What are the prime factors of 8623?
8623
List the prime factors of 20273.
11, 19, 97
What are the prime factors of 75681?
3, 2803
List the prime factors of 96063.
3, 11, 41, 71
What are the prime factors of 493?
17, 29
List the prime factors of 4553.
29, 157
List the prime factors of 63245.
5, 7, 13, 139
List the prime factors of 1925.
5, 7, 11
List the prime factors of 1038.
2, 3, 173
What are the prime factors of 1366?
2, 683
List the prime factors of 65522.
2, 181
List the prime factors of 4478.
2, 2239
What are the prime factors of 36535?
5, 7307
List the prime factors of 966.
2, 3, 7, 23
List the prime factors of 6470.
2, 5, 647
List the prime factors of 1729.
7, 13, 19
What are the prime factors of 3565?
5, 23, 31
List the prime factors of 17138.
2, 11, 19, 41
What are the prime factors of 12994